{"id":216,"date":"2016-12-28T20:51:00","date_gmt":"2016-12-28T20:51:00","guid":{"rendered":"http:\/\/online-rechtsanwaltskanzlei.eu\/www\/hp\/?page_id=216"},"modified":"2017-01-24T20:50:00","modified_gmt":"2017-01-24T20:50:00","slug":"kosten","status":"publish","type":"page","link":"https:\/\/online-rechtsanwaltskanzlei.eu\/?page_id=216","title":{"rendered":"Kosten"},"content":{"rendered":"\t\t<div data-elementor-type=\"wp-page\" data-elementor-id=\"216\" class=\"elementor elementor-216 elementor-bc-flex-widget\">\n\t\t\t\t\t\t<section class=\"elementor-section elementor-top-section elementor-element elementor-element-boowb9s elementor-section-boxed elementor-section-height-default elementor-section-height-default\" data-id=\"boowb9s\" data-element_type=\"section\">\n\t\t\t\t\t\t<div class=\"elementor-container elementor-column-gap-default\">\n\t\t\t\t\t<div class=\"elementor-column elementor-col-100 elementor-top-column elementor-element elementor-element-ievquow\" data-id=\"ievquow\" data-element_type=\"column\">\n\t\t\t<div class=\"elementor-widget-wrap elementor-element-populated\">\n\t\t\t\t\t\t<div class=\"elementor-element elementor-element-h2mn5vs elementor-widget elementor-widget-text-editor\" data-id=\"h2mn5vs\" data-element_type=\"widget\" data-widget_type=\"text-editor.default\">\n\t\t\t\t<div class=\"elementor-widget-container\">\n\t\t\t\t\t\t\t\t\t<h2>Kosten f\u00fcr die Inanspruchnahme anwaltlicher Dienstleistungen<\/h2><p>Die Kosten f\u00fcr anwaltliche Dienstleistungen bestimmen sich auf der Grundlage des RVG. Das RVG sieht ein gesetzliches Geb\u00fchrensystem und die M\u00f6glichkeit der Vereinbarung eines Honorars vor.<\/p><p>Nach dem gesetzlichen Geb\u00fchrensystem richtet sich die Geb\u00fchr f\u00fcr den Rechtsanwalt grunds\u00e4tzlich nach dem Streitwert (\u00a7 2 RVG).<\/p><p>F\u00fcr die Rechtssuchenden, deren Einkommens- und Verm\u00f6genserh\u00e4ltnisse es nicht zulassen einen Rechtsanwalt mit der Wahrnehmung ihrer Interessen zu beauftragen, sieht das Gesetz die M\u00f6glichkeit der Beantragung von Beratungs- und Prozesskostenhilfe vor. Den Antrag auf Beratungshilfe finden Sie auf dieser Homepage im Downloadbereich.<\/p><p>Sofern Sie \u00fcber eine Rechtschutzversicherung verf\u00fcgen, wird diese in vielen F\u00e4llen die Kosten meiner Beauftragung \u00fcbernehmen. Welche rechtlichen Bereiche im Einzelfall von Ihrer Rechtschutzversicherung umfasst sind, k\u00f6nnen Sie in den Versicherungsbedingungen Ihrer Rechtschutzversicherung nachlesen.<\/p><p>Letzendlich besteht die M\u00f6glichkeit der Vereinbarung eines Pauschal- bzw. Stundenhonorar. Die H\u00f6he bestimmt sich im Einzelfall nach dem Umfang und Schwierigkeit sowie des Haftungsrisikos der rechtlichen Beratung.<\/p>\t\t\t\t\t\t\t\t<\/div>\n\t\t\t\t<\/div>\n\t\t\t\t\t<\/div>\n\t\t<\/div>\n\t\t\t\t\t<\/div>\n\t\t<\/section>\n\t\t\t\t<\/div>\n\t\t","protected":false},"excerpt":{"rendered":"<p>Kosten f\u00fcr die Inanspruchnahme anwaltlicher Dienstleistungen Die Kosten f\u00fcr anwaltliche Dienstleistungen bestimmen sich auf der Grundlage des RVG. Das RVG sieht ein gesetzliches Geb\u00fchrensystem und die M\u00f6glichkeit der Vereinbarung eines Honorars vor. Nach dem gesetzlichen Geb\u00fchrensystem richtet sich die Geb\u00fchr f\u00fcr den Rechtsanwalt grunds\u00e4tzlich nach dem Streitwert (\u00a7 2 RVG). F\u00fcr die Rechtssuchenden, deren Einkommens- [&hellip;]<\/p>\n","protected":false},"author":1,"featured_media":0,"parent":0,"menu_order":0,"comment_status":"closed","ping_status":"closed","template":"","meta":{"footnotes":""},"class_list":["post-216","page","type-page","status-publish","hentry"],"_links":{"self":[{"href":"https:\/\/online-rechtsanwaltskanzlei.eu\/index.php?rest_route=\/wp\/v2\/pages\/216","targetHints":{"allow":["GET"]}}],"collection":[{"href":"https:\/\/online-rechtsanwaltskanzlei.eu\/index.php?rest_route=\/wp\/v2\/pages"}],"about":[{"href":"https:\/\/online-rechtsanwaltskanzlei.eu\/index.php?rest_route=\/wp\/v2\/types\/page"}],"author":[{"embeddable":true,"href":"https:\/\/online-rechtsanwaltskanzlei.eu\/index.php?rest_route=\/wp\/v2\/users\/1"}],"replies":[{"embeddable":true,"href":"https:\/\/online-rechtsanwaltskanzlei.eu\/index.php?rest_route=%2Fwp%2Fv2%2Fcomments&post=216"}],"version-history":[{"count":2,"href":"https:\/\/online-rechtsanwaltskanzlei.eu\/index.php?rest_route=\/wp\/v2\/pages\/216\/revisions"}],"predecessor-version":[{"id":295,"href":"https:\/\/online-rechtsanwaltskanzlei.eu\/index.php?rest_route=\/wp\/v2\/pages\/216\/revisions\/295"}],"wp:attachment":[{"href":"https:\/\/online-rechtsanwaltskanzlei.eu\/index.php?rest_route=%2Fwp%2Fv2%2Fmedia&parent=216"}],"curies":[{"name":"wp","href":"https:\/\/api.w.org\/{rel}","templated":true}]}}